is the remainder when 1204 is divided by 152?
140
Calculate the remainder when 368 is divided by 29.
20
Calculate the remainder when 1770 is divided by 77.
76
What is the remainder when 81 is divided by 46?
35
What is the remainder when 6 is divided by 2?
0
Calculate the remainder when 332 is divided by 111.
110
Calculate the remainder when 94 is divided by 29.
7
Calculate the remainder when 110 is divided by 49.
12
What is the remainder when 289 is divided by 75?
64
Calculate the remainder when 479 is divided by 102.
71
Calculate the remainder when 407 is divided by 53.
36
Calculate the remainder when 355 is divided by 21.
19
What is the remainder when 515 is divided by 47?
45
Calculate the remainder when 817 is divided by 267.
16
What is the remainder when 240 is divided by 87?
66
Calculate the remainder when 1725 is divided by 144.
141
What is the remainder when 166 is divided by 39?
10
What is the remainder when 1361 is divided by 44?
41
What is the remainder when 1166 is divided by 138?
62
Calculate the remainder when 246 is divided by 201.
45
What is the remainder when 503 is divided by 17?
10
Calculate the remainder when 621 is divided by 95.
51
Calculate the remainder when 320 is divided by 134.
52
Calculate the remainder when 415 is divided by 85.
75
What is the remainder when 17286 is divided by 247?
243
Calculate the remainder when 821 is divided by 399.
23
What is the remainder when 2095 is divided by 11?
5
What is the remainder when 919 is divided by 20?
19
Calculate the remainder when 1431 is divided by 355.
11
What is the remainder when 10545 is divided by 199?
197
What is the remainder when 1483 is divided by 3?
1
What is the remainder when 718 is divided by 5?
3
What is the remainder when 1105 is divided by 548?
9
What is the remainder when 1467 is divided by 296?
283
What is the remainder when 2703 is divided by 104?
103
What is the remainder when 514 is divided by 12?
10
What is the remainder when 544 is divided by 63?
40
Calculate the remainder when 1889 is divided by 938.
13
Calculate the remainder when 85 is divided by 8.
5
What is the remainder when 3506 is divided by 65?
61
Calculate the remainder when 392 is divided by 47.
16
What is the remainder when 601 is divided by 19?
12
What is the remainder when 6625 is divided by 78?
73
Calculate the remainder when 718 is divided by 38.
34
What is the remainder when 300 is divided by 25?
0
What is the remainder when 88 is divided by 11?
0
Calculate the remainder when 91 is divided by 19.
15
What is the remainder when 1605 is divided by 201?
198
What is the remainder when 823 is divided by 75?
73
Calculate the remainder when 29 is divided by 1.
0
What is the remainder when 276 is divided by 28?
24
What is the remainder when 3327 is divided by 26?
25
Calculate the remainder when 508 is divided by 250.
8
What is the remainder when 3253 is divided by 16?
5
Calculate the remainder when 350 is divided by 8.
6
Calculate the remainder when 275 is divided by 19.
9
Calculate the remainder when 7365 is divided by 17.
4
Calculate the remainder when 13206 is divided by 127.
125
What is the remainder when 2110 is divided by 48?
46
What is the remainder when 99 is divided by 6?
3
Calculate the remainder when 817 is divided by 29.
5
Calculate the remainder when 99 is divided by 50.
49
Calculate the remainder when 1822 is divided by 153.
139
Calculate the remainder when 1310 is divided by 22.
12
Calculate the remainder when 222 is divided by 40.
22
Calculate the remainder when 4333 is divided by 25.
8
What is the remainder when 543 is divided by 91?
88
What is the remainder when 19679 is divided by 160?
159
What is the remainder when 1610 is divided by 70?
0
What is the remainder when 30646 is divided by 19?
18
What is the remainder when 700 is divided by 117?
115
What is the remainder when 588 is divided by 74?
70
Calculate the remainder when 247 is divided by 14.
9
Calculate the remainder when 1330 is divided by 36.
34
Calculate the remainder when 2162 is divided by 119.
20
Calculate the remainder when 977 is divided by 325.
2
Calculate the remainder when 4178 is divided by 190.
188
What is the remainder when 486 is divided by 126?
108
What is the remainder when 362 is divided by 96?
74
What is the remainder when 877 is divided by 22?
19
What is the remainder when 471 is divided by 25?
21
Calculate the remainder when 1603 is divided by 73.
70
Calculate the remainder when 1187 is divided by 54.
53
Calculate the remainder when 1630 is divided by 86.
82
What is the remainder when 20 is divided by 7?
6
What is the remainder when 617 is divided by 201?
14
What is the remainder when 610 is divided by 28?
22
Calculate the remainder when 181 is divided by 11.
5
Calculate the remainder when 82 is divided by 22.
16
What is the remainder when 458 is divided by 14?
10
Calculate the remainder when 48 is divided by 41.
7
What is the remainder when 501 is divided by 34?
25
Calculate the remainder when 29 is divided by 25.
4
Calculate the remainder when 320 is divided by 12.
8
What is the remainder when 354 is divided by 26?
16
What is the remainder when 63 is divided by 22?
19
Calculate the remainder when 165 is divided by 88.
77
What is the remainder when 2952 is divided by 15?
12
Calculate the remainder when 273 is divided by 163.
110
Calculate the remainder when 14699 is divided by 105.
104
What is the remainder when 1158 is divided by 71?
22
Calculate the remainder when 155 is divided by 49.
8
What is the remainder when 235 is divided by 29?
3
Calculate the remainder when 486 is divided by 70.
66
What is the remainder when 21894 is divided by 121?
114
Calculate the remainder when 82 is divided by 23.
13
Calculate the remainder when 75 is divided by 11.
9
Calculate the remainder when 2072 is divided by 33.
26
What is the remainder when 1256 is divided by 105?
101
Calculate the remainder when 1773 is divided by 37.
34
Calculate the remainder when 1253 is divided by 418.
417
Calculate the remainder when 6857 is divided by 35.
32
What is the remainder when 353 is divided by 113?
14
Calculate the remainder when 107 is divided by 27.
26
Calculate the remainder when 2688 is divided by 18.
6
What is the remainder when 223 is divided by 31?
6
What is the remainder when 184 is divided by 50?
34
What is the remainder when 562 is divided by 63?
58
What is the remainder when 200 is divided by 65?
5
What is the remainder when 63 is divided by 60?
3
What is the remainder when 4869 is divided by 15?
9
What is the remainder when 97 is divided by 7?
6
What is the remainder when 480 is divided by 117?
12
What is the remainder when 144 is divided by 109?
35
Calculate the remainder when 130 is divided by 15.
10
Calculate the remainder when 180 is divided by 23.
19
What is the remainder when 586 is divided by 292?
2
Calculate the remainder when 245 is divided by 19.
17
Calculate the remainder when 61 is divided by 3.
1
What is the remainder when 111 is divided by 30?
21
Calculate the remainder when 21581 is divided by 142.
139
Calculate the remainder when 36 is divided by 21.
15
Calculate the remainder when 646 is divided by 323.
0
Calculate the remainder when 41 is divided by 31.
10
What is the remainder when 158 is divided by 149?
9
Calculate the remainder when 344 is divided by 59.
49
Calculate the remainder when 194 is divided by 7.
5
Calculate the remainder when 98 is divided by 69.
29
Calculate the remainder when 98 is divided by 97.
1
Calculate the remainder when 226 is divided by 36.
10
Calculate the remainder when 199 is divided by 170.
29
Calculate the remainder when 13088 is divided by 45.
38
What is the remainder when 571 is divided by 122?
83
Calculate the remainder when 126 is divided by 28.
14
Calculate the remainder when 61 is divided by 27.
7
What is the remainder when 121 is divided by 9?
4
What is the remainder when 3469 is divided by 577?
7
What is the remainder when 29425 is divided by 30?
25
Calculate the remainder when 244 is divided by 118.
8
What is the remainder when 278 is divided by 35?
33
Calculate the remainder when 284 is divided by 15.
14
Calculate the remainder when 213 is divided by 70.
3
Calculate the remainder when 871 is divided by 4.
3
Calculate the remainder when 812 is divided by